List the prime factors of b.
3, 359
Suppose 53*d = 317395 + 251295. List the prime factors of d.
2, 5, 29, 37
Let t(m) = 4*m**2. Let s be t(-1). List the prime factors of (-5 + (-112)/12)/(s/(-36)).
3, 43
Suppose -2*z = -4*i + 25442, 3*i + 232*z - 19101 = 240*z. List the prime factors of i.
6359
Let x(v) = -5643*v + 521. What are the prime factors of x(-8)?
5, 9133
Let q = 4367 + 7320. What are the prime factors of q?
13, 29, 31
Let j = -185 - -202. Suppose w - j*y - 837 = -16*y, 5*w = -y + 4161. List the prime factors of w.
7, 17
Let d be (14/28 - (-6)/(-4)) + -3. Let q(u) = 51*u**2 - u + 1. Let p be q(d). Suppose 4*v - 3*s + 228 = p, -167 = -v - 3*s. What are the prime factors of v?
2, 19
Suppose 0 = -3*o + 4*l - 23, -5*l = -27*o + 25*o - 13. Let v = -13 - -6. What are the prime factors of -4*(o/6 - -2)*v?
2, 7
Let o(x) = -9*x**3 - 7*x**2 - 2*x + 33. Let n = -105 - -101. List the prime factors of o(n).
5, 101
Suppose -2*a + 69669 = 2*z + 19139, 2*a - 50525 = 3*z. What are the prime factors of a?
2, 1579
Let m be 15/(-10)*(-2 - (-42)/9). List the prime factors of m/(-34) + 548190/510.
5, 43
Suppose -865 = i + 4*i. Let q be (i + 3)/2*(-1 + 0). Suppose 0 = x + 2*b - 79, 5*x - 3*b - 349 - q = 0. What are the prime factors of x?
5, 17
Let j = -40246 - -57439. What are the prime factors of j?
3, 11, 521
Suppose -2*n + 8 = a, 3*a + 9 = 4*n + n. Suppose n*d - 25 = -16. Suppose 3*u + 2*w = 5*u - 348, -d*u - 4*w = -543. List the prime factors of u.
3, 59
Suppose -2*j + 3 + 15 = 0. Let k be -3*3/j + (7 - -4). Let z(b) = b**3 - 7*b**2 - 5*b - 18. List the prime factors of z(k).
2, 29
Suppose 326 = 83*a - 81*a. Suppose 3*r - 35 = a. What are the prime factors of (-4)/(-6)*r/4*7?
7, 11
Suppose 2*f - 4*a = -4, 2*f + 2*a + 0*a = -34. Let j be (-912)/f*13/(-4). What are the prime factors of j/(-4) - 24/32?
61
Let q = 17571 - -37479. What are the prime factors of q?
2, 3, 5, 367
What are the prime factors of (93480/(-140))/((-15)/140)?
2, 19, 41
Let x(t) = 10*t**2 - 10*t + 470. List the prime factors of x(18).
2, 5, 353
Suppose 3228*x + 48024 = 3257*x. List the prime factors of x.
2, 3, 23
Let b(u) = u**3 - 2*u**2 - 2*u - 10. Let t(i) = -i**3 + 10*i**2 - i + 13. Let s be t(10). Let h be 8 + -3*(4 - s). What are the prime factors of b(h)?
5, 11
Let j = -408 + 425. What are the prime factors of (-6 + 2 - j)*-29?
3, 7, 29
Let f(t) = -t**3 + 3*t**2 + 4*t + 4. Let j be f(4). Suppose 0 = -n - u + 4, 2*n = n - 2*u + j. List the prime factors of n.
2
Suppose -4*b = 2*l + 132, 5*l - 2*b + 288 = 2*b. List the prime factors of (-1618)/(-12) + (-10)/l.
3, 5
Let j be 2/(-3) - (-34)/(-12)*-2. Suppose -5*g = -35 + 15, -3*u + 1049 = j*g. List the prime factors of u.
7
Let r = 6378 + -1624. List the prime factors of r.
2, 2377
Let m = -30 + 28. Let w be -1 + m + 0 - -11. Let a(t) = t**2 - 9*t + 28. List the prime factors of a(w).
2, 5
Let j(l) = -2*l**2 - 3*l**2 + 90 - 29*l + 7*l**2. List the prime factors of j(24).
2, 3, 7, 13
Let p(o) = 7*o + 15. Let r be p(-3). Let m be 36/(-24)*8/r. Suppose -67 = -m*a + k - 6*k, -4*a = k - 89. What are the prime factors of a?
3, 7
Let f = 617 + -440. Suppose -m - 27 = -0*m + 3*k, k = -5*m - f. What are the prime factors of ((-84)/36)/(1/m)?
2, 3, 7
Let m(x) = 7*x**2 - 2*x - 4. Let q be m(-2). Let k(h) = 7*h - 115. What are the prime factors of k(q)?
3
Suppose a + 3*a - 4 = 0, 2*a = 3*o + 11. Let g be (6 + 9)*(2 - (-5)/o). Suppose -2*c + 190 = -5*s + 800, -g*c = 0. List the prime factors of s.
2, 61
Let w(o) = 27*o**2 + 3*o + 1. Let v = -7 - -18. Let x(a) = 136*a**2 + 16*a + 6. Let g(r) = v*w(r) - 2*x(r). What are the prime factors of g(1)?
5
Suppose 0 = 2*p + 11*p - 988. Suppose p*z = 96*z - 6260. List the prime factors of z.
313
Suppose 49*y - 88693 = 176887. What are the prime factors of y?
2, 5, 271
Let m(l) be the third derivative of l**6/15 + l**5/15 - l**4/8 - 7*l**3/6 - 196*l**2. List the prime factors of m(2).
67
List the prime factors of ((-1)/(-3))/((-461804)/230904 + 2).
2, 3, 1069
Suppose -2*t = -3 + 5, 4*d - 4*t = 20. Suppose -p = 4*v - 1050, -d*v = -4*p - 90 + 4350. What are the prime factors of p?
2, 3, 59
Let p = -234 + 289. Suppose -50*w - 915 = -p*w. List the prime factors of w.
3, 61
Let g = -20900 - -30351. What are the prime factors of g?
13, 727
Let x be 28680/28 - 9/(252/8). Let g = 1957 - x. What are the prime factors of g?
3, 311
Let s(m) = 2*m**3 - 2*m**2 - 2. Let p be s(2). Let k(o) = o**3 - 10*o**2 + 11*o + 13. Let u be k(p). Let g = u + 75. List the prime factors of g.
2, 5
Let m(c) = c**2 - 3*c + 1. Let j be m(3). Suppose 5*p = b - 6 - j, -2*p = -b - 2. Let f(q) = -10*q + 1. What are the prime factors of f(b)?
3
Let n = 102308 + -58253. What are the prime factors of n?
3, 5, 11, 89
Let k be -2 + 2 + 3 + 1. Suppose y = v + 11, -k - 20 = -2*y + 3*v. Suppose -33 - y = -4*p + g, -2*g - 44 = -4*p. What are the prime factors of p?
2, 5
Suppose 0 = 3*d + 6, s + d - 4*d - 36060 = 0. List the prime factors of s.
2, 3, 2003
Suppose -395 - 1047 = -14*p. Suppose -2*o - o = 2*u - 99, u - 5*o = 69. Let c = p - u. What are the prime factors of c?
7
Suppose -44 = -7*n - 212. Let r be 2/3*3 + (-24 - n). What are the prime factors of ((-63)/3 + r)*-4?
2, 19
Let v = 1633 - 468. Let i = v - 830. Let d = -187 + i. List the prime factors of d.
2, 37
Suppose d + 3*d = -2*j + 26, -4*j = 3*d - 27. Let l be 9/((-27)/(-1884)) - j. Suppose 0*y = -5*y + l. List the prime factors of y.
5
Suppose -470*v - 38040 = -482*v. What are the prime factors of v?
2, 5, 317
Let p(y) = y**3 + 6*y**2 + 2*y + 71. Let i(u) = 3*u**2 + 76*u + 35. Let m be i(-25). List the prime factors of p(m).
19, 89
Let b be (16 - 24)/(1 - 0). What are the prime factors of 167 + b/(-3)*3/2?
3, 19
Suppose 0 = 43*r - 31*r + 3168. List the prime factors of 4/(3/((-15)/(-10))) - r.
2, 7, 19
Let t(r) be the second derivative of -1/20*r**5 + 5/6*r**3 - 21*r + 0 - r**4 - 3*r**2. List the prime factors of t(-13).
2, 7
Suppose o - 10568 = -2*h, 2*o + 4*h = -2*o + 42288. List the prime factors of o.
2, 661
Suppose 84*q - 1445327 + 668662 - 892667 = 0. List the prime factors of q.
7, 17, 167
Let m(x) = 18*x - 54. Let b(r) = 4*r + 35. Let u be b(-10). Let y(j) = 45*j - 135. Let z(a) = u*y(a) + 12*m(a). List the prime factors of z(-11).
2, 3, 7
Let k = -10 + 21. Suppose 301*s = 297*s + 14152. Suppose s = k*c + 1173. List the prime factors of c.
5, 43
Suppose 4*r - 21 = -3*r. List the prime factors of r/(2/(1392/18)).
2, 29
Let o = -23 + 28. Let q = 7 - o. Suppose 0 = 3*z + q*z - 490. What are the prime factors of z?
2, 7
Suppose 0 = -3*f - 1743*h + 1738*h + 15957, 0 = -f + h + 5311. List the prime factors of f.
2, 2657
Let p(n) = 17*n + 2*n**2 - 43*n + 38*n + 91. What are the prime factors of p(-13)?
3, 7, 13
Let t be 4/(-16)*2*1*0. Suppose -4*v + 5*n - 39 = t, v + 4*v = -2*n - 24. What are the prime factors of 4/(-1) + v*530/(-15)?
2, 13
Let r(s) = s + 2. Let i be r(-2). Let p be 4 - i - (3 - -106). Let u = p + 185. List the prime factors of u.
2, 5
Suppose -5*q + 37 = 17. Let g(a) = -a**3 + 9*a**2 - 11*a + 5. Let c be g(q). Let v = 188 - c. List the prime factors of v.
3, 7
Let z be (-10)/(-35) + (-37518)/42 + 0. What are the prime factors of 3 + -2 - (z - (2 + 1))?
3, 13, 23
Let p = -1837 - -7992. What are the prime factors of p?
5, 1231
Suppose 0 = 4*d - 12, 0 = -r + 5*d - 17. Let g(v) = 166*v**2 - 31*v. What are the prime factors of g(r)?
2, 3, 11
Let d(t) = t**3 + 5*t**2 + 5*t + 16. Let h be d(-5). Let n(b) = 4*b**2 + 12*b + 33. What are the prime factors of n(h)?
3, 83
Let a(t) = -t**3 + t**2 + 12*t - 4. Let l be a(-7). Suppose -8*g + 2272 = l. Suppose -k - g = -7*k. List the prime factors of k.
41
Let k = -45 + 47. Let b(t) = 2*t**3 - 19*t + 37*t + 8 - 3*t**3 + 12*t**k. List the prime factors of b(13).
73
Let u(a) = 61*a - 10. Let b be u(-4). Let k = b + 552. Suppose 4*l + 50 = k. List the prime factors of l.
2, 31
Let w(y) = y - 1. Let t(i) = -4*i**2 + 17*i + 80. Let u(b) = -t(b) + 2*w(b). List the prime factors of u(24).
2, 7, 19
Let r = -38156 - -70723. What are the prime factors of r?
29, 1123
Let t(l) = 66*l - 124. Let k be t(-4). Let p = k + 581. List the prime factors of p.
193
Let p = 35257 + -3006. What are the prime factors of p?
32251
Let i(p) = p + 30. Let b 